en thousands digit of 10678?
1
What is the ten thousands digit of 46371?
4
What is the tens digit of 396?
9
What is the tens digit of 4407?
0
What is the units digit of 44585?
5
What is the thousands digit of 66914?
6
What is the tens digit of 11794?
9
What is the units digit of 913?
3
What is the hundreds digit of 1111?
1
What is the units digit of 717?
7
What is the thousands digit of 1244?
1
What is the units digit of 1394?
4
What is the tens digit of 19610?
1
What is the hundreds digit of 486?
4
What is the ten thousands digit of 14307?
1
What is the hundreds digit of 4936?
9
What is the hundreds digit of 5890?
8
What is the thousands digit of 12728?
2
What is the units digit of 165?
5
What is the units digit of 36629?
9
What is the ten thousands digit of 191966?
9
What is the tens digit of 14995?
9
What is the hundreds digit of 2549?
5
What is the tens digit of 2436?
3
What is the units digit of 1?
1
What is the hundreds digit of 9536?
5
What is the units digit of 1116?
6
What is the tens digit of 2627?
2
What is the thousands digit of 128230?
8
What is the ten thousands digit of 23747?
2
What is the tens digit of 740?
4
What is the hundreds digit of 7245?
2
What is the tens digit of 2137?
3
What is the units digit of 87?
7
What is the hundreds digit of 50762?
7
What is the tens digit of 3051?
5
What is the hundreds digit of 628?
6
What is the tens digit of 3485?
8
What is the units digit of 87816?
6
What is the ten thousands digit of 14100?
1
What is the hundred thousands digit of 141620?
1
What is the tens digit of 3992?
9
What is the thousands digit of 28116?
8
What is the hundred thousands digit of 145047?
1
What is the hundreds digit of 11440?
4
What is the units digit of 711?
1
What is the tens digit of 1854?
5
What is the units digit of 4897?
7
What is the units digit of 949?
9
What is the hundreds digit of 52296?
2
What is the tens digit of 6970?
7
What is the tens digit of 8256?
5
What is the units digit of 28118?
8
What is the tens digit of 57327?
2
What is the units digit of 30245?
5
What is the tens digit of 352?
5
What is the ten thousands digit of 32344?
3
What is the thousands digit of 52519?
2
What is the units digit of 109830?
0
What is the units digit of 187762?
2
What is the ten thousands digit of 44605?
4
What is the hundreds digit of 1541?
5
What is the tens digit of 1747?
4
What is the hundreds digit of 60277?
2
What is the thousands digit of 1269?
1
What is the units digit of 479?
9
What is the hundreds digit of 83708?
7
What is the hundreds digit of 355?
3
What is the units digit of 54?
4
What is the units digit of 1986?
6
What is the tens digit of 308?
0
What is the tens digit of 270?
7
What is the thousands digit of 6007?
6
What is the tens digit of 9506?
0
What is the tens digit of 349?
4
What is the tens digit of 2552?
5
What is the tens digit of 7775?
7
What is the thousands digit of 48140?
8
What is the hundreds digit of 4050?
0
What is the thousands digit of 14867?
4
What is the units digit of 6615?
5
What is the hundreds digit of 120940?
9
What is the tens digit of 95310?
1
What is the units digit of 5760?
0
What is the units digit of 224?
4
What is the units digit of 379?
9
What is the units digit of 2797?
7
What is the units digit of 14495?
5
What is the thousands digit of 1384?
1
What is the thousands digit of 1103?
1
What is the hundreds digit of 944?
9
What is the thousands digit of 76311?
6
What is the tens digit of 11148?
4
What is the tens digit of 15508?
0
What is the tens digit of 142260?
6
What is the tens digit of 1491?
9
What is the tens digit of 29445?
4
What is the hundreds digit of 1809?
8
What is the ten thousands digit of 16224?
1
What is the hundreds digit of 336?
3
What is the units digit of 54553?
3
What is the hundreds digit of 2308?
3
What is the tens digit of 1147?
4
What is the hundreds digit of 1007?
0
What is the units digit of 342?
2
What is the units digit of 2643?
3
What is the units digit of 5202?
2
What is the hundreds digit of 27156?
1
What is the ten thousands digit of 54128?
5
What is the units digit of 7654?
4
What is the hundreds digit of 4764?
7
What is the units digit of 455?
5
What is the hundreds digit of 4885?
8
What is the tens digit of 68731?
3
What is the tens digit of 540?
4
What is the units digit of 354?
4
What is the hundreds digit of 204?
2
What is the thousands digit of 6224?
6
What is the hundreds digit of 778?
7
What is the tens digit of 602?
0
What is the ten thousands digit of 17977?
1
What is the tens digit of 27696?
9
What is the hundreds digit of 2152?
1
What is the units digit of 53?
3
What is the ten thousands digit of 58142?
5
What is the tens digit of 686?
8
What is the thousands digit of 1331?
1
What is the units digit of 5128?
8
What is the tens digit of 14225?
2
What is the units digit of 36123?
3
What is the thousands digit of 12791?
2
What is the units digit of 11?
1
What is the hundreds digit of 875?
8
What is the tens digit of 2357?
5
What is the thousands digit of 3644?
3
What is the units digit of 16390?
0
What is the units digit of 87878?
8
What is the units digit of 20217?
7
What is the hundreds digit of 112?
1
What is the units digit of 1465?
5
What is the tens digit of 2456?
5
What is the tens digit of 2428?
2
What is the hundreds digit of 10804?
8
What is the units digit of 138?
8
What is the thousands digit of 5789?
5
What is the hundreds digit of 799?
7
What is the ten thousands digit of 50397?
5
What is the tens digit of 2126?
2
What is the units digit of 110044?
4
What is the thousands digit of 2160?
2
What is the units digit of 4097?
7
What is the units digit of 114187?
7
What is the tens digit of 10981?
8
What is the thousands digit of 7603?
7
What is the units digit of 1049?
9
What is the units digit of 3459?
9
What is the hundreds digit of 1912?
9
What is the hundreds digit of 19613?
6
What is the hundreds digit of 7313?
3
What is the thousands digit of 108333?
8
What is the thousands digit of 6991?
6
What is the hundreds digit of 4743?
7
What is the tens digit of 31221?
2
What is the hundreds digit of 131927?
9
What is the units digit of 39?
9
What is the thousands digit of 9830?
9
What is the units digit of 3471?
1
What is the tens digit of 366?
6
What is the tens digit of 77?
7
What is the thousands digit of 35116?
5
What is the thousands digit of 1553?
1
What is the thousands digit of 147807?
7
What is the hundreds digit of 2765?
7
What is the tens digit of 1269?
6
What is the ten thousands digit of 17519?
1
What is the tens digit of 370?
7
What is the units digit of 629?
9
What is the hundreds digit of 6074?
0
What is the hundreds digit of 5880?
8
What is the thousands digit of 24520?
4
What is the tens digit of 1191?
9
What is the units digit of 59180?
0
What is the tens digit of 113?
1
What is the hundreds digit of 653?
6
What is the tens digit of 5804?
0
What is the hundreds digit of 2857?
8
What is the hundreds digit of 548?
5
What is the thousands digit of 8704?
8
What is the thousands digit of 2250?
2
What is the ten thousands digit of 18718?
1
What is the tens digit of 17304?
0
What is the hundreds digit of 4308?
3
What is the hundreds digit of 841?
8
What is the tens digit of 150?
5
What is the units digit of 25443?
3
What is the tens digit of 1637?
3
What is the hundreds digit of 1218?
2
What is the tens digit of 969?
6
What is the units digit of 483?
3
What is the tens digit of 5651?
5
What is the tens digit of 4319?
1
What is the hundreds digit of 6626?
6
What is the hundreds digit of 22035?
0
What is the hundreds digit of 5562?
5
What is the units digit of 46061?
1
What is the units digit of 18662?
2
What is the units digit of 16104?
4
What is the hundreds digit of 6639?
6
What is the units digit of 3300?
0
What is the tens digit of 1593?
9
What is the units digit of 2777?
7
What is the tens digit of 1161?
6
What is the hundreds digit of 3517?
5
What is the thousands digit of 149486?
9
What is the ten thousands digit of 19498?
1
What is the hundreds digit of 1857?
8
What is the thousands digit of 3479?
3
What is the thousands digit of 1319?
1
What is the units digit of 9735?
5
What is the tens digit of 17801?
0
What is the tens digit of 1262?
6
What is the units digit of 2082?
2
What is the tens digit o